e (-5 - (2 + -5 + 1)) + 3.
0
Evaluate -15 - (-3 - 8 - -11).
-15
Calculate 1 + -10 + 94 + -83 + (-10 - 0).
-8
What is 9 + (10 - (-21 - -12)) + -10 + 2?
20
What is the value of -32 - 2 - (13 + 1 - (238 + -212))?
-22
What is 24 + -29 - (-19 + 12)?
2
What is the value of (0 - 48) + (-60 - (-13 + -59))?
-36
Evaluate -9 + -1 + (-2 - -21).
9
What is 4 - (4 + -4 + 11 + 0)?
-7
-8 + -5 - 5 - (-16 + 5) - 7
-14
Evaluate 19 + 11 + (-10 - 8).
12
What is the value of -3 - ((0 - -11) + (-66 - -52))?
0
What is 9 + (0 - 1) + (40 - (-48 - -89))?
7
Calculate -5 + 2 + -13 + 9 + 6 + -2.
-3
What is 144 + -133 + -3 + 5 + -4 + -10?
-1
Calculate (10 - 28) + 8 - -5.
-5
What is the value of -33 - (-20 - 9) - (24 - 1) - -9?
-18
What is the value of -22 - (70 + -79 + 1 + -4 - -5)?
-15
What is 13 + 1 - (-260 + 292)?
-18
Evaluate 0 + -8 + -50 + (63 - 34).
-29
Evaluate 12 - (20 - 15 - 3).
10
What is the value of 20 - (12 + -23 + 5 + 4)?
22
Calculate 6 - (-8 - (-6 + 10)).
18
-327 + 386 - (34 + 1)
24
What is the value of 10 + (-4 - (3 - 8))?
11
Calculate -2 + -2 + -3 + 2 + 8.
3
What is 5 - (-1 + -1) - (2 - (0 + 0))?
5
-1 + -15 + 126 + -126
-16
34 + -95 + 20 + 27
-14
What is the value of -13 + (45 - (2 + 11)) + 1?
20
Calculate (-12 - -7) + -5 - (6 - 24).
8
2 + -3 + 27 + (-46 - -36)
16
What is the value of (-1 - 8) + 4 - (0 - (5 - 9))?
-9
Calculate 11 - (19 - (-13 - -34)).
13
Evaluate (-3 - (-12 - (6 + -15))) + 13.
13
Calculate (28 - 0) + 0 - (-819 - -827).
20
What is the value of 4 - ((27 - 10 - 0) + 0)?
-13
What is 10 + (25 - 25) + (-3 - (2 - 1))?
6
Calculate -21 + 11 - ((-6 + -2 - -5) + -33).
26
Calculate -23 + (25 - (-10 + 11)).
1
What is the value of 4 - (20 + -2) - -24?
10
Evaluate (1 + -21 - (2 - 3)) + (-159 - -157).
-21
(0 - (57 - 27)) + (-3 - -13)
-20
What is the value of 5 - (-2 + 3) - (603 - 612)?
13
What is the value of 4 + -19 + (35 - 38)?
-18
Calculate 12 - (-7 + 13) - (-1 - 1).
8
What is -2 + (1 - -3 - (-12 - (2 + -19)))?
-3
What is -1 + (7 - (-4 - 8 - -3 - -5))?
10
3 + (-19 - (13 + -38)) - 46
-37
Evaluate -4 + -8 - 3 - -23.
8
What is the value of (3 + 13 - 30) + -4?
-18
Evaluate 9 + 0 + (3 - 30).
-18
Calculate -8 + 1 + -2 + 7.
-2
Calculate (17 - 14 - -1) + 16.
20
Calculate 62 + -52 - (0 + -24).
34
9 - (5 - 9) - 12
1
Evaluate 1 + -10 + (-29 + 14 - -59) + -5.
30
What is -23 + (27 - -2) + 10?
16
What is (-53 - 7 - -23) + 15?
-22
What is the value of -4 - (-15 + 6 - -10) - -9?
4
Calculate (5 - (3 - 0)) + -2 - (-43 + 39).
4
9 - (-2 + 6 + 6 + -8)
7
Evaluate 10 + -6 + -2 - 2.
0
Calculate -827 + 824 + (1 - (0 - -3 - -2)).
-7
What is the value of 17 + (5 + -1 - (-3 + (22 - 19)))?
21
Calculate -32 - (-14 + -6 - -3).
-15
Calculate 4 + 1 - (164 - 173).
14
(3 + -12 - 3) + -1 + 3 + -3
-13
Evaluate 8 + -3 - (12 - 0 - (111 + -127)).
-23
-30 - (26 + -55 + 26)
-27
What is (-11 - (3 + -7)) + 1 + 0 + 29?
23
What is -5 + (2 - 0) - 10 - (-11 - -13)?
-15
Evaluate 16 + -28 - (-36 - (-19 - -10)).
15
What is 31 - (-1 + -30 + 28)?
34
-17 - (-52 + (7 - -4 - 8))
32
What is 7 + -1 + -25 + -4 + 27?
4
Evaluate 1 - 6 - (15 - -1 - -16 - 16).
-21
What is the value of -27 + 17 + 7 + 13?
10
What is 10 + 4 - (153 + -113)?
-26
What is the value of -2 - 0 - ((3 - (-6 - -3)) + -12)?
4
What is -14 + 1 + 11 - (-10 - -14)?
-6
Evaluate -4 - ((-1 - -13) + -12 - -6).
-10
Evaluate 5 - (-11 - (-6 + 3)).
13
-1 - 31 - (-7 + 0 + -3) - -7
-15
Evaluate 4 - (8 - (15 + -3) - 12) - 4.
16
What is the value of -8 - ((11 - 17 - 3 - 34) + 10)?
25
Calculate (26 - 19) + (-1 - 4) + -5.
-3
Calculate -5 + (10 - (-7 + 10) - 8 - 3).
-9
What is 382 + -405 - (0 + -19)?
-4
What is the value of 1 + (-2 - 8 - -14) + -8?
-3
Evaluate 22 - (-33 + 43 - -11).
1
What is the value of 4 + -4 + 0 + 1 - (25 + -25)?
1
What is -18 + 24 + 10 + -31?
-15
What is the value of (0 - 3) + -74 + 79 - 0?
2
Evaluate 37 + 5 - (36 + (16 - 35)).
25
Evaluate (-2 - 1) + 7 + -19 + 12 + -6.
-9
Evaluate -31 + (-43 + 72 - 34).
-36
((10 - 34) + 9 - 1) + 17
1
What is 0 - 4 - (13 - 8)?
-9
What is (-52 + 8 - -71) + 1 + -12?
16
What is the value of -26 + (-15 - -33) - (0 + 19)?
-27
Calculate 0 + -2 + -2 + (-8 - (-1 - 9)).
-2
0 - (2 - 1 - (90 - 94))
-5
What is 3 + 12 - 8 - 4 - 9?
-6
Calculate 2 + (2 - 30) - (-185 + 193).
-34
Calculate -5 + (32 + -11 - 0) + (-1 - 3).
12
Calculate 1 - ((-33 - -21) + 30).
-17
What is the value of -6 - (-11 - (-12 - -14))?
7
Evaluate -1 + -13 - ((-59 - -123) + -66).
-12
What is the value of -13 - -10 - 5 - 2 - 6?
-16
What is (12 - (-5 - -29)) + -1?
-13
Calculate -6 + 76 + -35 - 15.
20
What is the value of -12 + 19 + -21 + 9 + 21 + 0?
16
What is the value of (15 - 9) + -7 - 4?
-5
1 + 28 + 1 + (3 - (9 + 2))
22
(-2 + 4 - 9) + (-368 - -366)
-9
What is the value of 43 - 49 - (-2 + -9)?
5
What is the value of (-858 - -804) + (0 - -34)?
-20
Calculate 8 - (8 - 0) - (-1 - 10) - -7.
18
What is -14 + 8 + 0 + -15 + 6?
-15
Calculate (-3 - (-1 + -8)) + (64 - 58).
12
What is the value of 75 + -81 - (-39 - -12)?
21
What is the value of -31 + 0 - (-603 + 559)?
13
28 - (12 - 3 - 1) - 4
16
What is the value of -3 - (-3 - 8 - -1 - (-12 - -11))?
6
2 + -6 + 15 - 9 - (-5 - 1)
8
What is the value of 9 + (-11 - (14 + -26))?
10
Evaluate 5 - ((1 + 10 + -11 - -4) + 31).
-30
What is 0 + 16 + -30 + 26 + -22 + 16?
6
-33 + 15 + 18 + 10
10
What is -4 + -2 + 18 + (-26 - 13)?
-27
What is -9 - (14 - 19 - (7 - 1))?
2
(-71 - -54) + 15 + -21
-23
What is the value of -3 - -8 - -2 - (5 + -10 - -20)?
-8
What is -14 - (0 + (4 - 14))?
-4
Evaluate -22 + (41 + -13 - 6).
0
Evaluate 8 - 5 - (5 - 5).
3
Calculate 10 - (-10 - (-37 - -5)).
-12
What is -14 - (-21 + 6 + -2 + 2)?
1
What is the value of 13 - 2 - (-20 + 32 + -9)?
8
What is the value of -12 + -24 + (-7 - -22) + 15?
-6
Calculate (-16 - -11) + -22 + (5 - -7).
-15
Calculate (-11 - -34) + -16 - -26.
33
(-14 + -13 - -30) + (-1 - 14)
-12
Evaluate (44 - 43) + (3 - 1 - (-2 - 0)).
5
Evaluate -231 + 217 + 13 + 0.
-1
Evaluate (4 - -3) + (-1 - (6 + 3 - 13)).
10
(-2 - -7) + -10 + 2 + 3 + 0
0
Calculate (182 - 171) + (3 + -5 - (-8 - -6)).
11
Evaluate -5 - -1 - (-29 - -22) - (-2 + -8).
13
What is the value of (2 - (-4 - -13) - -26) + -15?
4
What is 0 + 8 + (16 - (-4 - -22)) + -5?
1
Evaluate 45 + (11 - (13 + 11)).
32
What is -269 + 247 - (-3 - (-4 - 2))?
-25
-3 + -1 + (-22 - -18 - 2)
-10
What is the value of 10 - (-14 - ((2 + -10 - -9) + 2))?
27
What is (3 - 4) + (4 - 5 - 0) + -14?
-16
What is -591 + 580 - (8 - 1)?
-18
What is -2 + -1 - (6 + 25) - -12?
-22
Evaluate 2 + 6 + -20 + 41.
29
-8 + 0 - (-20 - -8) - -12 - 1
15
Calculate -13 + 2 + 11 - 4.
-4
Evaluate 5 + 0 - (-7 + 6 - 2).
8
Evaluate (15 - (14 + -14)) + 2 + -1.
16
Calculate 30 + (-10 + (-4 - -13) - (-1 + 3)).
27
Calculate -10 - (-7 + (-47 - -13)).
31
What is -11 + 2 + -4 + -2 + -5 + 10?
-10
What is the value of -18 + 0 + 4 - (-1 + -2 - -1)?
-12
What is the value of -9 - (-26 + 40 - 36)?
13
23 - (5 + 17 + -12 - 7)
20
(-39 - -56) + (0 - 5)
12
-20 + (12 + 17 + -16 - -4)
-3
What is the value of -2 + 5 - (11 - 15 - -9)?
-2
What is the value of 7 + -4 + (-7 - -12) + -7?
1
Calculate -23 - -41 - 24 - -10.
4
Evaluate -29 - (20 + (-20 - 8)).
-21
-4 + 9 - 6 - (-2 + 3 + -8)
6
What is -33 - (-33 - (1 - -9))?
10
What is the value of -9 - (4 + 0 - (19 - 19))?
-13
What is the value of -14 - -1 - (46 - 55) - 2?
-6
Evaluate -12 + (1 - -41 - 31).
-1
Evaluate 13 + -5 - (-2 + -6).
16
What is 50 + -14 + -13 + -9?
14
Evaluate (57 - 57) + (-3 - 29 - (-1 - 3)).
-28
What is (10 - (28 + -18)) + -1 + 3 + -5?
-3
Calculate (-10 - -17) + -34 - -1.
-26
6 + -2 + 2 - (-11 + 5 - -17)
-5
Calculate -15 + 21 + 1 + -1 + -1 + -16.
-11
-3 + 10 + -12 + (-1 - 0) + 18
12
Calculate -20 - (2 + (-9 - -4)).
-17
Evaluate -509 + 490 + (0 - -37).
18
Calculate -7 + 0 - (-10 - (11 - 4) - -31).
-21
What is -13 - (-6 - ((-8 - -3) + 4))?
-8
Evaluate -6 + (14 - (6 + -1 - 0 - 10)).
13
What is (10 - (-12 + 8 - -3)) + -2?
9
What is -9 + 8 + 1 + 3 - 17?
-14
What is the value of 1 + (-6 - (-1 + -2 + -4))?
2
What is -29 - (0 + -4) - -1?
-24
What is 13 + (2 - 11) - (-2 + 24)?
-18
Evaluate 9 - (-6 + 4 + 5 + (-5 - 0)).
11
What is the value of 7 - ((13 - 2) + (-39 - -49))?
-14
Calculate -20 + 18 - (4 - 11 - 2).
7
Evaluate -9 + (-2 - (-2 - ((-4 - 0) + -1))).
-14
What is the value of (26 - 10) + (-57 - -43)?
2
Evaluate 5 - (-13 - -34 - 4).
-12
Calculate -4